te number?
True
Suppose -f - 33 = -4*d, -3*d + 36 = -3*f - 0*f. Let q(x) = 64*x - 3. Is q(d) prime?
False
Is ((-861)/(-6))/((-1)/(-2)) prime?
False
Let x(k) = -42*k. Let l be x(-1). Let p = -23 + l. Is p a composite number?
False
Suppose 0 = 4*i - 0*i - 732. Suppose 5*h - i = 2. Is h a composite number?
False
Suppose -2*j = 3*j. Suppose 4*y = -j*c - 2*c - 22, -27 = 2*c + 5*y. Is 76 + (c + 0)/(-1) a prime number?
False
Let c be -1*158*-1*1. Let k = 285 - c. Is k a composite number?
False
Let k = 1 + 1. Suppose -k*j = -72 + 22. Is j composite?
True
Let j(i) = i**3 - 2*i**2 - 3*i - 8. Is j(6) prime?
False
Suppose -a = -4*y - 5*a + 2620, 0 = 3*a - 9. Let i = y + -443. Is i a prime number?
False
Let u = 449 - -32. Is u a composite number?
True
Let m(s) = 24*s - 5. Let g be m(4). Let j be (1/(-2))/(1/(-6)). Suppose 4*c - g = j*c. Is c a composite number?
True
Suppose -6*k + b = -k + 35, -5*b - 41 = 2*k. Is (-1 + -1)*44/k prime?
True
Suppose 12 = -0*c + 4*c. Suppose 7 = z + 2*o, -c*z - 5*o + 13 = -3*o. Suppose -5*g = 2*j + j - 370, -4*j - 222 = -z*g. Is g prime?
False
Suppose 2*m = -2*p - 8, 4*p = -3*m + 10 - 30. Let v = 15 + p. Is v a prime number?
True
Suppose 7*m - 8*m = 0. Suppose l + 12 = 5*l + 2*s, 4 = 3*l + 4*s. Is l/((-8)/(-30)) + m a composite number?
True
Suppose -17*i + 980 = -12*i. Let d = -129 + i. Is d a prime number?
True
Let p be 2*16 - 3 - 0. Suppose -4*g + 149 - p = -l, 0 = 2*g - 4*l - 46. Is g a prime number?
True
Let m(p) = 7*p**2 + 18*p + 6. Let k = -18 + 11. Is m(k) prime?
True
Let r = -15 - -5. Let a(c) = -c - 5. Let h be a(r). Suppose -4*y = -h*q + 81 + 242, -4*q - 3*y = -277. Is q prime?
True
Suppose 5*l - 3*l - 6 = 3*h, -4*h + 12 = 4*l. Suppose 0 = -3*x - h*x + 126. Suppose 0*t = 2*t - x. Is t composite?
True
Suppose 5*h - 20 = -8*w + 3*w, -3*h + 4*w + 12 = 0. Suppose h*k = 3*k + 51. Is k prime?
False
Let r(d) = d**2 + 6*d - 10. Let b be r(-7). Let z = b + 56. Is z a composite number?
False
Suppose 3*d + 5*f - 25 = 0, -d = -5*f + 5 - 0. Let u = 23 - 21. Suppose -x + 73 = 4*t + u*x, 0 = 5*t + d*x - 90. Is t a composite number?
False
Suppose 4*b - 1701 = -1. Suppose -5*p = 3*u - b, -5*p + 10*p - 385 = 5*u. Is p prime?
False
Let f be (-1)/(4 - 27/6). Let b(c) = -38*c - 1. Let y be b(-8). Suppose 107 = f*p - y. Is p prime?
False
Let x be 363/(-2)*6/(-9). Let r = x - -10. Is r prime?
True
Let x(t) = -6*t**2 + 2*t - 4. Let l be x(8). Let j = l + 184. Let u = 265 + j. Is u a prime number?
False
Let h(q) = -q. Let v be h(-6). Suppose 102 = -3*u + v*u. Let z = 3 + u. Is z a prime number?
True
Let r = 133 + -27. Is r a composite number?
True
Let a be (2/(-2)*37)/1. Is a*(0 - 2 - -1) prime?
True
Let x be (4/(-5))/((-2)/5). Suppose 0 = -x*h - h - 27. Let r = h - -15. Is r prime?
False
Let h(v) = 290*v**2 - v + 2. Is h(-1) composite?
False
Let w(k) = 24*k**2 - 5*k + 7. Is w(-6) composite?
True
Let r(q) = -3*q - 11. Let n(u) = -2*u - 6. Suppose 0 = 2*h + 3 + 7. Let o(w) = h*n(w) + 3*r(w). Is o(10) prime?
True
Suppose -16 = 4*h - 5*d, 2*d = 3*h + h + 16. Is h/6*-48 + 2 prime?
False
Suppose 0 = -3*r - 171 + 2292. Is r a prime number?
False
Suppose 290 = v + v. Is v prime?
False
Let q = 7 + -5. Let d be (-1 - 11)/(q/3). Let f = 17 - d. Is f composite?
True
Let l = -123 - -201. Suppose 0*z = -2*z + l. Is z composite?
True
Let q be (8/12)/(2/6). Suppose q*v + 3*v = 65. Is v a composite number?
False
Suppose -15 = -4*v + 5*f, 5*v - 5*f + 5 = 20. Suppose v = 5*l - 289 - 36. Is l composite?
True
Suppose 2*q - 1464 = -t + 65, -3*t + 3*q = -4623. Is t a composite number?
True
Let z(f) = f**3 - 7*f**2 + 5*f + 8. Let i be z(6). Suppose i*m = -0*m - 2*l + 220, m - 2*l = 107. Is m a composite number?
False
Let h(t) = -t**2 - t - 2. Let v be h(-4). Let b be (-18)/(-4) + 7/v. Suppose 2*a - 157 = -g, -2*a - b*g + 243 = 77. Is a prime?
False
Let q(j) = -j**3 - 2*j**2 + 201. Is q(0) composite?
True
Suppose 2*u - 5*q = 4, -4*u - 4*q = -3*u - 2. Is (2 - (-888)/3)/u composite?
False
Let a = 6 + -2. Let i = 0 - a. Is (-333)/(-4) + 1/i prime?
True
Let c(p) = -8*p + 4. Let q(g) = 16*g - 7. Let v(a) = -5*c(a) - 2*q(a). Is v(10) prime?
False
Let f = 38 + -26. Suppose k - 245 = -f. Is k a composite number?
False
Let m(d) = 6*d**2 + 10*d - 11. Is m(16) prime?
False
Suppose -3*i - 12 = a - 0*a, -2*a - 12 = 3*i. Suppose 4*f + 11 - 3 = a, -4*f = l - 59. Is l a composite number?
False
Let b = -20 + 94. Suppose 2*y - b = -12. Is y composite?
False
Let s(k) = 3*k**2 - 8*k - 5. Is s(8) composite?
True
Suppose -4*y = 3*n - 5*y - 4, 9 = -2*n + 3*y. Suppose 0*m - 142 = -2*g - n*m, g - 5*m - 97 = 0. Is g a prime number?
False
Let v be (-6)/15 + 2/5. Is (v + 0)/1 - -21 a composite number?
True
Suppose 6 - 2 = -2*f - 3*k, -5*f - 3*k + 8 = 0. Let o(y) = -9 - 5*y - 2*y - 3 + 17 - y**3 + 11*y**2. Is o(f) a composite number?
False
Suppose 0*j + f = 3*j - 7823, 0 = -j + 3*f + 2597. Is j a composite number?
False
Suppose 27 + 65 = n + 2*t, 3*n + 2*t = 288. Let m = n - -51. Is m a prime number?
True
Suppose 0 = -2*z - 2*z - 60. Let l = 22 - z. Is l a composite number?
False
Suppose 0*m = -2*m + 2, 11 = 4*r - m. Suppose n = 3*x - 79, -r*x + 2*x + 53 = 5*n. Suppose -3*z = -x - 77. Is z a composite number?
True
Suppose 0 = -5*d + 3*d + 6. Suppose d*c = 4*c - 47. Is c a composite number?
False
Let u(q) = q - 14. Let y be u(11). Let p(t) = -13*t**3 - t**2 + 3*t + 4. Is p(y) prime?
True
Is 4/(8/6) - 5782/(-7) a composite number?
False
Let s(h) = 3*h**3 - 5*h**2 - 5*h - 22. Let j(d) = 2*d**3 - 3*d**2 - 3*d - 15. Let n(g) = 7*j(g) - 5*s(g). Let q be n(5). Let z(r) = r + 7. Is z(q) prime?
True
Let h(k) = -k**2 + 9*k + 8. Let a be h(6). Let o = a + 8. Suppose 5*v - o = -b, -2*v + b - 16 = -4*v. Is v a prime number?
False
Suppose 3*p = -112 - 68. Let u = -29 - p. Is u prime?
True
Let b = 2548 + -1499. Is b composite?
False
Is 1*242/((-4)/(-2)) a composite number?
True
Let j(z) = -274*z**3 + 5*z**2 + 3*z - 3. Is j(-2) a prime number?
True
Suppose 0 = -28*t + 22*t + 5874. Is t a prime number?
False
Let x(m) be the first derivative of m**4/4 - m**3/3 + 83*m - 11. Suppose p = -o + 5, 9 = -5*p + 3*o - 6. Is x(p) a composite number?
False
Let j(x) = x**3 + x**2 - 5*x + 1. Let r be (-3)/5 + 66/10. Is j(r) composite?
False
Let j(q) = -5 + 8*q + 1 - 11 - 3*q. Is j(10) a composite number?
True
Suppose 16*l - 15*l - 5435 = 0. Is l a composite number?
True
Suppose 3*c - 1609 = 296. Let y = 0 + c. Is y prime?
False
Suppose 4*f + 6 = -2*v + 36, -5*f + 60 = -2*v. Is ((-740)/f)/(1*-2) a prime number?
True
Suppose -3*z + 3*c = -2*z - 1, -5 = -5*c. Suppose z*v = -4*j + 2*j + 62, -v - 16 = -j. Is j a prime number?
False
Let q = -158 - -95. Is 2194/14 - 18/q composite?
False
Is (3 + -4)/((-4)/16228) a composite number?
False
Let k = 17 - -78. Is k prime?
False
Let k be (-24)/(-16)*(0 + 36). Is 1 + k - (9 - 9) a prime number?
False
Let j(z) = -2*z + 9*z**2 + z**3 - 14*z**2 + 7 + z. Suppose 3*l - 8 = 10. Is j(l) prime?
True
Suppose 6*f - 4*f = 2962. Is f prime?
True
Let l be 5 - (1 + (-4)/(-2)). Is (-37)/((6/(-21))/l) a prime number?
False
Let d(q) = -33*q - 19. Is d(-14) a prime number?
True
Suppose 0 = -x + 352 - 98. Let u = -106 + x. Is (4/(-8))/((-2)/u) composite?
False
Let v(a) = -a**2 + 14*a + 5. Suppose 8 = 4*m + 2*g, 0 - 12 = -2*m + g. Let s be (m/6)/((-2)/(-24)). Is v(s) a prime number?
True
Let q(d) = 17*d - 7. Let h be q(5). Let w = h + 71. Is w a composite number?
False
Let a(t) = -17*t - 17. Is a(-4) prime?
False
Let l(v) = v**2 + 11*v + 7. Let f(i) = 3*i**2 + 34*i + 21. Let h(m) = -2*f(m) + 7*l(m). Is h(-13) a composite number?
False
Is 134/(-6)*(-1 + -2) a prime number?
True
Suppose 1278 = 5*a - 5*s - 2437, 2*a = -4*s + 1498. Is a a composite number?
True
Suppose 5*c = 8 + 7. Suppose 47 = s - 3*t, 100 = 4*s - 2*s - c*t. Is s composite?
False
Let x be -4 - -8 - -2 - 3. Suppose 4*k - 11 - 11 = -5*t, 4 = 2*k - t. Suppose -k*g = -y - y - 63, -g = -x*y - 28. Is g composite?
False
Suppose -o = -54 - 61. Is o a prime number?
False
Let h(c) = 891*c - 5. Is h(2) prime?
True
Let x = 279 + 140. Is x a prime number?
True
Suppose 3*j - 5 = r + 2, -5*r + 5*j - 15 = 0. Let a(l) be the third derivative of 4*l**5/15 + l**4/12 + l**3/6 - l**2. Is a(r) prime?
False
Let z(k) = k**2 - 10*k + 1. Is z(-6) a prime number?
